ulate the greatest common divisor of 9776760 and 1400.
280
Calculate the highest common divisor of 773479 and 141.
47
What is the greatest common factor of 273023 and 596477?
1739
Calculate the highest common divisor of 160922524 and 695.
139
What is the greatest common divisor of 13552568 and 129?
43
Calculate the greatest common divisor of 3294 and 2523852.
54
What is the greatest common factor of 418 and 5477871?
19
What is the greatest common divisor of 6118 and 161329?
133
What is the highest common divisor of 788668 and 119411?
2777
What is the greatest common divisor of 12382665 and 431716?
2917
What is the greatest common divisor of 107421865 and 1895?
1895
Calculate the greatest common factor of 17344 and 2480768.
64
Calculate the highest common factor of 389538 and 1348202.
646
Calculate the greatest common factor of 528 and 43338900.
132
What is the greatest common factor of 19830032 and 32?
16
What is the greatest common divisor of 23490292 and 28?
28
Calculate the greatest common factor of 786 and 94798543.
131
What is the highest common factor of 90430 and 10?
10
Calculate the greatest common divisor of 14642 and 2398.
2
Calculate the highest common divisor of 3825 and 502399725.
1275
Calculate the highest common factor of 99330 and 314760.
1290
Calculate the greatest common factor of 20644 and 92911.
13
What is the highest common factor of 60 and 91046352?
12
What is the greatest common divisor of 11947238 and 171?
19
What is the greatest common divisor of 22910 and 94975?
145
Calculate the highest common divisor of 200084825 and 25.
25
What is the greatest common factor of 273 and 37509563?
91
Calculate the greatest common factor of 3051 and 10468207.
113
Calculate the highest common divisor of 2334918 and 24846.
606
What is the greatest common divisor of 230710 and 23930?
10
What is the highest common factor of 70 and 27545690?
10
What is the highest common factor of 167677776 and 1098?
1098
Calculate the highest common divisor of 30579955 and 35.
35
Calculate the highest common divisor of 2173 and 445656224.
2173
What is the greatest common factor of 15164703 and 3935?
787
What is the highest common factor of 2397 and 63869663?
799
Calculate the highest common factor of 132375831 and 798.
399
Calculate the greatest common factor of 38503 and 176947.
139
Calculate the highest common factor of 26045 and 212615753.
5209
Calculate the greatest common factor of 16386417 and 54273.
237
What is the highest common divisor of 944 and 2012272?
16
Calculate the greatest common divisor of 156835088 and 2136.
712
Calculate the greatest common divisor of 9655633 and 94.
47
Calculate the greatest common factor of 38 and 25049942.
38
Calculate the greatest common divisor of 4382 and 916302492.
4382
Calculate the greatest common divisor of 810 and 1085160.
30
Calculate the greatest common factor of 38086967 and 94.
47
Calculate the greatest common divisor of 8786461 and 39384.
547
What is the highest common factor of 5336 and 1516496536?
5336
Calculate the greatest common divisor of 1896579 and 9.
9
Calculate the greatest common factor of 18060 and 126560.
140
What is the greatest common divisor of 424 and 7078627?
53
What is the highest common divisor of 6256 and 463291208?
3128
What is the greatest common factor of 23435 and 116139173?
4687
What is the greatest common factor of 27995 and 203795?
5
Calculate the highest common factor of 50648035 and 2.
1
What is the greatest common divisor of 5989 and 2673645314?
5989
What is the greatest common divisor of 764693 and 574313?
3173
What is the highest common factor of 2103040382 and 606?
202
What is the greatest common divisor of 52195275 and 550?
275
Calculate the highest common factor of 2280161130 and 10.
10
What is the greatest common divisor of 48222710 and 204?
34
Calculate the greatest common factor of 6175 and 12144249.
247
Calculate the highest common divisor of 231 and 10348107.
231
Calculate the highest common factor of 372949 and 1714271.
809
Calculate the greatest common factor of 6 and 204744282.
6
What is the greatest common divisor of 14408 and 6089?
1
Calculate the greatest common divisor of 7444728 and 288.
72
Calculate the greatest common factor of 3475 and 480839225.
3475
What is the greatest common divisor of 2285303 and 871?
67
Calculate the greatest common divisor of 12280120 and 7480.
680
Calculate the greatest common factor of 9185 and 2155469.
167
What is the greatest common factor of 2805150 and 2400?
150
Calculate the greatest common divisor of 33 and 707926076.
11
Calculate the highest common factor of 41512626 and 54.
18
What is the greatest common divisor of 806 and 679900?
26
Calculate the highest common divisor of 828 and 31892628.
276
Calculate the highest common factor of 2719220146 and 716.
358
Calculate the greatest common factor of 7532 and 6797.
7
Calculate the greatest common factor of 3853703 and 10633.
1519
What is the greatest common factor of 13 and 476783?
1
What is the greatest common factor of 250259 and 465?
1
Calculate the greatest common factor of 1899 and 460053.
9
What is the greatest common divisor of 375578 and 8246?
14
Calculate the highest common factor of 216 and 104088.
24
Calculate the greatest common divisor of 76 and 10698178.
38
What is the highest common divisor of 1890 and 26311215?
105
What is the greatest common factor of 950859 and 1950858?
2457
Calculate the greatest common divisor of 6615 and 64613115.
2205
Calculate the highest common divisor of 277115 and 4465.
95
Calculate the greatest common divisor of 296975 and 215285.
35
What is the highest common factor of 1582249 and 1393?
199
What is the highest common factor of 153 and 21642408?
9
What is the greatest common factor of 620 and 8224920?
620
What is the greatest common divisor of 1176299 and 4581?
509
Calculate the greatest common divisor of 23300 and 177951420.
4660
Calculate the highest common divisor of 3161102 and 3010.
602
Calculate the highest common divisor of 18320431 and 319.
29
Calculate the highest common divisor of 6873 and 1251834.
237
What is the greatest common factor of 205209370 and 10?
10
Calculate the greatest common factor of 1569135 and 174105.
1095
What is the greatest common factor of 165 and 10883928?
33
What is the greatest common factor of 58080 and 11621280?
5280
What is the greatest common divisor of 6570 and 13451220?
90
Calculate the greatest common factor of 48190 and 17696.
158
What is the greatest common divisor of 336 and 16756488?
168
What is the highest common divisor of 1434769 and 2759?
89
What is the greatest common divisor of 27510678 and 4212?
2106
Calculate the highest common factor of 2325 and 15111105.
465
Calculate the greatest common divisor of 7157202 and 3738.
534
What is the highest common divisor of 9198350 and 280?
70
What is the highest common divisor of 1221 and 80841078?
111
Calculate the greatest common factor of 3479 and 45983.
7
Calculate the highest common divisor of 554356 and 2673.
11
What is the greatest common factor of 9 and 11146131?
9
What is the highest common divisor of 212 and 436?
4
What is the highest common factor of 684 and 29262852?
36
Calculate the greatest common factor of 5042 and 3208.
2
Calculate the greatest common factor of 620036237 and 6658.
3329
What is the greatest common factor of 7526376 and 880?
88
What is the greatest common factor of 204 and 1969892?
68
Calculate the highest common factor of 35 and 294815.
5
What is the highest common factor of 21075 and 17178935?
1405
What is the greatest common factor of 21636848 and 2993?
41
Calculate the highest common divisor of 364745 and 1985.
5
What is the highest common divisor of 18 and 3021183?
9
What is the highest common divisor of 219526 and 214076?
218
What is the greatest common divisor of 1652 and 23649619?
413
Calculate the greatest common divisor of 42644 and 109256.
28
What is the highest common divisor of 212337 and 675?
9
Calculate the highest common divisor of 152 and 9574764.
4
Calculate the highest common factor of 110029614 and 1090.
218
Calculate the highest common divisor of 1802 and 3194419.
17
What is the greatest common factor of 952164 and 147780?
36
What is the greatest common divisor of 21770 and 86053078?
62